
Let t(c) = c**3 - c**2 - 4*c. Calculate t(2).
-4
Let w(b) = -11*b**3 - 1. Determine w(1).
-12
Let h(r) = -r**3 - 19*r**2 - 19*r - 17. What is h(-18)?
1
Let v(k) = k**3 - 16*k**2 - 16*k - 12. What is v(17)?
5
Let m(x) = -x**3 + 24*x**2 + x - 26. What is m(24)?
-2
Let z(d) = -d**3 + 2*d - 10. Calculate z(0).
-10
Let l(j) = j**3 + 9*j**2 + 15*j + 4. Calculate l(-7).
-3
Let a(z) = -z**2 + 17*z - 10. What is a(11)?
56
Let a(h) = -h**3 + 4*h**2 + 2*h - 11. Calculate a(3).
4
Let t(u) = u**3 - 10*u**2 + 10*u - 15. What is t(9)?
-6
Let p(z) = z + 9. Calculate p(-24).
-15
Let n(z) = 9*z - 25. Determine n(4).
11
Let d(k) = -k**3 - k**2 + 21*k + 5. What is d(4)?
9
Let b(j) = 2*j**2 - 13*j + 28. Calculate b(6).
22
Let z(r) = -r - 4. What is z(5)?
-9
Let p(h) = h**3 - 10*h**2 - 29*h + 3. Give p(13).
133
Let l(g) = g**3 - 9*g**2 + 8*g - 1. Calculate l(6).
-61
Let c(n) = -3*n + 6. What is c(0)?
6
Let a(w) = -w**2 + 10*w - 14. What is a(8)?
2
Let s(u) = u**2 - 14*u - 2. Calculate s(15).
13
Let y(j) = -3*j**2 + 94*j - 28. Calculate y(31).
3
Let l(i) = i**3 - 5*i**2 + 10*i - 24. Calculate l(3).
-12
Let y(a) = 10*a + 5. What is y(-4)?
-35
Let h(b) = 17*b**3 - b**2 + 1. Give h(1).
17
Let r(u) = 2*u**2 - 67*u + 278. What is r(5)?
-7
Let h(d) = -d**3 - 4*d**2 + 17*d + 29. Calculate h(-6).
-1
Let v(p) = 11*p - 1. Calculate v(-1).
-12
Let c(h) = 12*h - 24. Calculate c(1).
-12
Let q(t) = -5*t**3 + 8*t**2 - 12*t + 2. Calculate q(2).
-30
Let g(t) = 2*t**3 + 2*t**2 - 13*t - 3. Calculate g(-3).
0
Let u(o) = -2*o**2 - 9*o + 8. Give u(1).
-3
Let d(o) = 5*o**3 + 2*o + 1. What is d(-1)?
-6
Let x(o) = o**2 + 13*o + 16. Calculate x(-9).
-20
Let c(y) = -y**3 - 5*y**2 - 3*y - 2. Determine c(-5).
13
Let l(r) = r - 48. Determine l(10).
-38
Let z(r) = -49*r. Determine z(1).
-49
Let t(n) = -n + 33. What is t(8)?
25
Let k(n) = 72*n**3 + 3*n**2 - 4*n + 1. Give k(1).
72
Let r(f) = f**2 + 26. Calculate r(0).
26
Let m(q) = q**2 - 10*q + 28. Determine m(7).
7
Let k(j) = -2*j**2 - 11*j + 18. Give k(-9).
-45
Let g(f) = -4*f**2 + 4*f + 2. Give g(3).
-22
Let f(y) = -y**3 + 12*y**2 - 24*y + 139. Calculate f(11).
-4
Let g(n) = 16*n + 3. Calculate g(-1).
-13
Let q(k) = k**3 - 14*k**2 + 11*k - 18. Calculate q(13).
-44
Let f(c) = c**2 - 8*c - 6. Determine f(7).
-13
Let j(p) = 17*p + 153. Give j(-8).
17
Let i(f) = -4*f - 38. Give i(-12).
10
Let b(x) = -x**3 + 12*x**2 + 28*x + 16. Determine b(14).
16
Let l(h) = -h**2 + 9*h - 14. Calculate l(6).
4
Let g(v) = -v**2 - 17*v - 47. Determine g(-13).
5
Let w(s) = 2*s**2 - 21*s + 84. Calculate w(6).
30
Let j(s) = 3*s - 62. Calculate j(17).
-11
Let l(b) = b**2 + 108*b + 519. What is l(-5)?
4
Let d(n) = -70*n - 325. What is d(-5)?
25
Let c(h) = h**3 - 10*h + 4. Calculate c(3).
1
Let j(f) = -17*f + 108. Give j(7).
-11
Let f(l) = -l**3 - 7*l**2 - 12*l - 84. Give f(-7).
0
Let o(u) = -u**3 + 9*u**2 - 8*u + 2. Give o(8).
2
Let c(f) = -25*f + 1. Give c(4).
-99
Let j(t) = t. Determine j(1).
1
Let s(a) = -a**3 + 6*a**2 + 9*a + 5. What is s(7)?
19
Let a(v) = -v + 17. Give a(-13).
30
Let v(p) = -13*p - 12. What is v(0)?
-12
Let w(i) = -5*i + 17. Calculate w(3).
2
Let d(t) = 5*t - 6. Give d(-6).
-36
Let u(q) = 2*q**2 - 25*q + 18. Determine u(11).
-15
Let i(l) = -3*l - 40. What is i(-14)?
2
Let m(b) = -b**3 - 7*b**2 - 17*b - 35. What is m(-5)?
0
Let q(n) = -20*n. What is q(9)?
-180
Let x(z) = -3*z**2 + 2*z + 3. What is x(-3)?
-30
Let y(k) = -k**3 - 3*k**2 + 7*k - 1. Calculate y(3).
-34
Let n(v) = v**3 + 20*v**2 - 33*v - 253. Give n(-21).
-1
Let t(z) = -5*z**2 - 71*z - 132. Give t(-12).
0
Let o(j) = -j**2 + 10*j - 1. What is o(8)?
15
Let v(b) = b**2 + 10*b + 13. Calculate v(-8).
-3
Let c(x) = -x**3 - 10*x**2 + 27*x - 3. Give c(-12).
-39
Let l(p) = -p**3 + 14*p**2 + 17*p + 28. Calculate l(15).
58
Let d(z) = z**3 - 11*z**2 + 7*z - 10. Determine d(11).
67
Let o(f) = -25*f - 127. Calculate o(-5).
-2
Let r(z) = -z**2 - z + 1. What is r(-4)?
-11
Let j(u) = u**3 - 8*u**2 + 9*u + 7. Calculate j(4).
-21
Let k(x) = -x**2 - 6*x + 9. Calculate k(-11).
-46
Let g(i) = i**3 - 6*i**2 - 8*i - 2. Calculate g(7).
-9
Let f(w) = -4*w - 1. Determine f(-3).
11
Let p(j) = -4*j**2 - 10*j + 3. What is p(-5)?
-47
Let b(i) = -i**3 + 5*i**2 - i + 32. What is b(6)?
-10
Let j(c) = -2*c**3 + 10*c**2 + 3*c + 6. Determine j(5).
21
Let p(x) = 3*x**2 - 67*x + 18. Determine p(22).
-4
Let z(a) = -10*a + 15. Give z(-4).
55
Let x(i) = i**3 + 10*i**2 - 10*i - 7. What is x(-11)?
-18
Let z(p) = -3*p**2 - 11*p + 5. Determine z(-5).
-15
Let c(l) = -l**3 + 8*l**2 + 18*l - 83. Determine c(9).
-2
Let y(k) = -k**3 + 6*k**2 - 2*k + 5. Determine y(4).
29
Let x(f) = f**3 + 5*f**2 + 7*f + 14. Calculate x(-4).
2
Let n(s) = -24*s + 46. Give n(7).
-122
Let v(t) = -3*t**3 + 22*t**2 + 13*t - 16. Calculate v(8).
-40
Let l(f) = -f**3 - 9*f**2 - 9*f - 2. Calculate l(-6).
-56
Let z(k) = k**2 + 12*k + 2. Calculate z(-6).
-34
Let z(t) = t**3 - 2*t**2 + t + 2. Calculate z(-2).
-16
Let o(c) = -5*c + 29. Calculate o(7).
-6
Let j(s) = -s**3 - 7*s**2 + 11*s - 1. Give j(-6).
-103
Let n(x) = 21*x**3 + x**2 - 3*x - 2. Determine n(-1).
-19
Let m(r) = 6*r**2 - 54*r + 4. Give m(9).
4
Let z(d) = 2*d + 43. What is z(-17)?
9
Let o(l) = -7*l + 52. What is o(5)?
17
Let x(a) = -8*a - 12. Calculate x(-2).
4
Let v(h) = -h**3 - 4*h**2 + 18*h + 32. Determine v(-6).
-4
Let u(x) = -7*x - 59. What is u(-7)?
-10
Let j(t) = 6*t - 2. Give j(4).
22
Let u(b) = b**2 + 14*b + 9. Determine u(-9).
-36
Let u(g) = 2*g**2 - 24*g - 108. Determine u(-4).
20
Let y(q) = q**2 + 8*q + 7. Give y(-9).
16
Let c(i) = i**3 - 13*i**2 + 11*i + 11. Determine c(12).
-1
Let l(a) = -26*a**3 + a**2 + 1. Calculate l(1).
-24
Let b(z) = -z**3 - 9*z**2 - 10*z - 7. Determine b(-8).
9
Let x(c) = -25*c - 395. Determine x(-16).
5
Let m(n) = n**3 - 15*n**2 - 41*n + 116. Give m(17).
-3
Let g(y) = 4*y - 36. What is g(8)?
-4
Let t(w) = 2*w**2 + 15*w - 16. Calculate t(1).
1
Let r(c) = c**2 - 4*c + 9. Determine r(6).
21
Let z(q) = 2*q**2 + 4*q - 8. What is z(-4)?
8
Let x(b) = 4*b - 30. Determine x(13).
22
Let z(v) = -5*v**3 - 2*v**2 + 9*v - 14. What is z(2)?
-44
Let w(d) = 2*d - 3. Calculate w(22).
41
Let l(q) = 3*q**3 + 6*q**2 + 4*q - 1. What is l(-2)?
-9
Let d(x) = -8*x - 9. Determine d(7).
-65
Let f(r) = 2*r - 3. Determine f(-3).
-9
Let j(y) = 6*y**3 + y - 1. Determine j(1).
6
Let q(j) = -j + 4. Give q(-9).
13
Let a(x) = 5*x + 1. Determine a(-1).
-4
Let c(i) = -2*i - 5. What is c(3)?
-11
Let r(y) = y**2 + 13*y - 2. What is r(-11)?
-24
Let c(w) = -6*w - 2. Determine c(1).
-8
Let i(k) = -k**3 + 8*k**2 - 12*k + 7. Determine i(6).
7
Let s(o) = 32*o - 180. Calculate s(6).
12
Let z(w) = -w**3 - 6*w**2 + 6*w - 2. What is z(-7)?
5
Let c(s) = -s**2 + 7*s + 5. Calculate c(6).
11
Let c(a) = a**3 + 29*a**2 + 57*a + 76. Determine c(-27).
-5
Let m(u) = 18*u - 200. Determine m(11).
-2
Let p(b) = b**3 - 7*b**2 + 4*b + 1. What is p(6)?
-11
Let g(y) = -7*y - 3. What is g(-12)?
81
Let r(a) = -2*a**2 + 2. What is r(-2)?
-6
Let l(w) = -6*w**3 + 3*w - 3. Determine l(2).
-45
Let v(p) = p**3 + 15*p**2 + 36*p + 8. Give v(-12).
8
Let s(t) = 16*t + 11. Give s(-1).
-5
Let c(k) = -3*k**2 + 13*k + 7. Give c(7).
-49
Let d(m) = m**2 + 17*m + 15. Determine d(-10).
-55
Let y(z) = -z**2 + 16*z + 37. What is y(18)?
1
Let q(j) = -j**3 - 15*j**2 - 15*j - 29. What is q(-14)?
-15
Let h(o) = o**3 - 9*o**2 + 3*o - 6. Give h(9).
21
Let h(f) = 5*f + 46. Determine h(-10).
-4
Let p(g) = -20*g - 329. Determine p(-17).
11
Let d(k) = 11*k**3 - 2*k**2 + k. Calculate d(1).
10
Let h(r) = 2*r - 24. Determine h(9).
-6
Let l(p) = 6*p - 233. What is l(31)?
-47
Let o(f) = f**3 - 12*f**2 + 36*f - 174. Determine o(10).
-14
Let g(t) = -t**3 + 8*t**2 + 7*t + 9. What is g(9)?
-9
Let x(r) = -23*r + 1. What is x(5)?
-114
Let g(k) = -6*k - 1. Calculate g(-1).
5
Let w(p) = -p**2 + 78*p + 598. Calculate w(85).
3
Let w(u) = 2*u**3 + u**2 - 2*u - 1. Determine w(2).
15
Let i(o) = -o**2 - 15*o - 5. Determine i(-15).
-5
Let d(q) = q + 27. Calculate d(-12).
15
Let v(b) = -9*b**2 - 2*b + 2. Calculate v(2).
-38
Let u(g) = g**3 + 4*g**2 - 2*g + 4. Determine u(-4).
12
Let x(m) = -m**2 + 15*m + 16. Determine x(13).
42
Let k(b) = b**3 + 6*b**2 + 16*b + 50. Determine k(-5).
-5
Let g(q) = -q**2 + 4*q + 5. Calculate g(4).
5
Let f(g) = g**3 - 5*g + 4. Calculate f(2).
2
Let k(